13*u - 6. Let r be s(-15). Calculate the highest common divisor of r and x.
24
Let n = 2405 + -1860. Calculate the highest common factor of n and 2507.
109
Let d be 525 + (-6 - -1)*1. Let i = d + -160. What is the greatest common factor of 45 and i?
45
Let h be 9 + 8671/(-957) - (-511242)/99. Calculate the greatest common factor of 4 and h.
4
Let g = -1519 - -1924. What is the greatest common factor of g and 120?
15
Let j be 3/((-1)/4*-6). Let o(b) = 13*b**2 + b + 1. Let m be o(j). Let i = -72637 - -72670. Calculate the highest common divisor of m and i.
11
Suppose 5247*p - 594 = 5229*p. What is the greatest common factor of 77 and p?
11
Let h be (-424)/(-6) + 10/(-15). Suppose -4*v + 76 = 5*x, 3*x - 54 = -38*v + 35*v. Calculate the greatest common factor of v and h.
14
Let j(f) = 21 - 16 - f + 0*f - 3. Let r = 4 + -3. Let c be j(r). Calculate the greatest common divisor of c and 8.
1
Let c be (455/(-21) + -5)*18. Let m = c + 500. Suppose z - 61 = -3*y - 0*z, 4*z = y - 16. Calculate the highest common factor of m and y.
20
Suppose -t + 3*m = 2*t + 3, t - 17 = -5*m. Let w be 205/t + 2/4. Suppose -4*i = 4*l - w - 45, 0 = 2*l + 2. Calculate the greatest common factor of i and 38.
38
Suppose -6430 = -11*o + 16703. Suppose -2547 = -5*c + o. Calculate the highest common factor of 15 and c.
15
Suppose -102*m + 2600 = 28*m. What is the greatest common factor of 6260 and m?
20
Let s be (5/2)/((-2)/(-36)). Let r be (-6 - 0)*7 - -7. Let h be (-644)/r - 18/45. Calculate the greatest common divisor of h and s.
9
Suppose -3*l + 42 + 43 = -4*k, -l + 3*k = -25. Let t = 29 + l. Calculate the highest common divisor of 270 and t.
30
Suppose -5*z - 3*p + 903 = 0, -z + 167 = -2*p + 6*p. Suppose -b + z = -3*t + 1060, -5*b = t - 319. Calculate the greatest common divisor of t and 6.
6
Suppose -21*h + 93 = -20*h. Suppose -224*y + 207*y + 2108 = 0. Calculate the greatest common factor of y and h.
31
Let k = 231 + -155. Let a(m) = 19*m**3 - 731*m + m**2 + 731*m - 1. Let s be a(1). Calculate the greatest common factor of s and k.
19
Let a(q) be the second derivative of 1/3*q**3 - 3/2*q**2 + 1/12*q**4 - 9*q + 0. Let w be a(3). Calculate the greatest common divisor of 84 and w.
12
Suppose -5*x - 4*f = -82, -x + 20 = -5*f - 8. Suppose -4*l + x + 230 = 0. Let b = -37 + l. What is the highest common factor of b and 15?
5
Suppose 0 = g - 6 - 42. Suppose 0 = d - 3*m - 3, 3*m = -2*d + m + 46. Suppose -4*q = -7*q + d. What is the highest common divisor of q and g?
6
Let r be (6/4)/((-10)/(-60)). Let z(q) = 48 - 8*q + 6 + q**2 - 7. Let t be z(r). What is the highest common divisor of t and 140?
28
Suppose 67 = -6*j + 469. Let i = j + -7. Calculate the highest common divisor of 195 and i.
15
Let k be (-6)/(-15) + 18/5. Suppose -2*i = v - i + k, -4*i = -4*v + 8. Let y be 2/3*(-9)/v. What is the greatest common factor of 3 and y?
3
Suppose -1354*b + 1350*b + 1084 = 0. Let r = b - 97. What is the greatest common divisor of r and 290?
58
Suppose -86928 = -743*b - 33432. Let r(f) = 9*f**2 + f + 1. Let p be r(-1). What is the greatest common factor of b and p?
9
Let j(h) = 8*h - 12. Let l be j(2). Suppose 0*q - q + 3*z + 1 = 0, 4*q = 4*z + l. What is the highest common factor of 31 and q?
1
Suppose 2*m - 42 = -n, -4*m + 6*n - n = -70. Suppose -462*p + 9465 + 2460 = 375. What is the greatest common factor of p and m?
5
Suppose 6*t + 1101 = 3*d + 10*t, 0 = 2*d - 4*t - 714. Calculate the greatest common divisor of 3751 and d.
121
Let h be -2 + -1 + 5477 - -14. What is the highest common divisor of 32 and h?
16
Suppose -17*n + 14386 = -17111 + 795. What is the greatest common factor of n and 210?
42
Suppose -448 = 3*r - 19*r. Let y be 18/((-2)/(-1)) + 2 + 0. Suppose 49 = y*t - 4*t. What is the greatest common factor of r and t?
7
Let p be 3/((-294)/100 - 105/(-35)). What is the greatest common divisor of p and 730?
10
Suppose -24*t - 1650 = -15937 - 7097. Calculate the greatest common divisor of t and 1539.
81
Let f(h) = -10*h - 3. Suppose 6 - 30 = 4*j. Let w be f(j). Let o = w + -30. What is the greatest common divisor of 297 and o?
27
Let l be (3 + -215 - 0/2)/(-2). Let o = -106 + l. Suppose o = q + r - 16, -3*q + 5*r = -2*q - 40. Calculate the highest common factor of q and 180.
20
Let n(m) = m**3 + 160*m**2 - 162*m + 15. Let q be n(-161). Calculate the greatest common divisor of 1738 and q.
22
Let j = -7073 - -14236. Calculate the highest common factor of 65 and j.
13
Let j be (20903 - (-3 - -2)) + -113 + 114. What is the greatest common divisor of j and 185?
185
Let m(d) = d**3 + 6*d**2 - 27*d + 220. Let t be m(8). What is the greatest common factor of 20 and t?
20
Suppose 11133*v + 336483 = 11182*v. What is the greatest common divisor of v and 252?
63
Let h(t) = t**3 - 6*t**2 + 2*t - 5. Let l be h(6). Let g = 100 + -100. Suppose 4*k = g, -2*y - 4*k + 3 = -11. What is the greatest common factor of l and y?
7
Let t = -155 + 234. Suppose 8*q = 135 - t. What is the greatest common factor of q and 63?
7
Let s be 8*(-3)/(-30)*(-3975)/(-6). Suppose s = 3*t + 7*t. Suppose 48*q = t*q - 550. What is the highest common factor of q and 10?
10
Suppose 133*v + 231 = 166*v. What is the greatest common factor of v and 1883?
7
Let r(m) = 9*m**2 - 2*m - 99. Let f be r(5). Calculate the highest common factor of f and 87.
29
Let q = 2805 + -2502. Calculate the greatest common factor of 6 and q.
3
Let q(z) = -z**3 - 17*z**2 - 56*z - 368. Let x be q(-15). Suppose 3*a + 3*m - 108 = 0, -m + 0*m - 63 = -2*a. Calculate the highest common factor of a and x.
11
Let h(t) = 4*t**3 + 29*t**2 + 16*t + 65. Let s be h(-7). What is the highest common divisor of 422 and s?
2
Suppose 113*g + 60*g + 48*g - 1105 = 0. What is the highest common factor of g and 279?
1
Let o(y) = 12*y + 30. Let i be o(-3). Let w be ((-910)/6)/(2/i). Calculate the highest common factor of 91 and w.
91
Let r(g) = g**3 - 15*g**2 - 59*g + 1205. Let z be r(13). What is the greatest common divisor of z and 188?
4
Let h(a) = -12*a**2 + 251*a - 55. Let m be h(20). What is the highest common divisor of m and 1010?
5
Suppose 0 = -m + 6*m - 11*m. Suppose c + 2*l - 4 = -1, -5*c + 3*l + 41 = m. Suppose -28 = c*z - 273. Calculate the greatest common divisor of 7 and z.
7
Let w(k) = -1075*k + 1119. Let r be w(1). What is the highest common divisor of 5038 and r?
22
Let n(w) = 81*w - 18. Let b be n(-2). Let p be 8/(-10) + (-21204)/b. What is the greatest common divisor of 13 and p?
13
Let u be -2 + 42 + (-24)/(-8). Calculate the greatest common divisor of u and 6751.
43
Let o(g) = -15 + 21 + 15 + 5*g + 24. Let q be o(-11). Let j be 1 + (-172)/q - (-80)/100. What is the greatest common factor of 19 and j?
19
Suppose 4*q - 4*d = 17636, 13237 = 3*q - 28*d + 23*d. Calculate the greatest common factor of q and 24.
12
Let u be 120/(-18)*(0 - 84). Let c = u - 356. What is the greatest common factor of c and 36?
12
Let l = -1 - 4. Let a(y) = y**3 + 12*y**2 - 29*y - 8. Let m be a(-14). Let s be m/l*50/(-4). What is the greatest common factor of s and 10?
5
Let j = 9379 + -9088. What is the highest common divisor of 1843 and j?
97
Let b = -1179 - -1866. Calculate the greatest common divisor of 6 and b.
3
Suppose -4*d + 4*q = 8, 0 = -4*d - 0*q + 3*q - 6. Suppose -5*j + 12 = 2*v - 46, -v - 3*j + 29 = d. What is the highest common divisor of v and 116?
29
Let g(s) = -4*s + 217. Let p be g(35). What is the highest common divisor of 1375 and p?
11
Suppose 4*n - 3*b = 2*n + 83, -3*n - 9*b = -165. Calculate the greatest common divisor of n and 1150.
46
Suppose 14*b - 22932 = -103*b. Let z be 20/30 + 166/3. What is the highest common divisor of b and z?
28
Suppose -26*q + 114 = -53 - 41. What is the greatest common factor of 2104 and q?
8
Let k(l) = -3*l**3 + 41*l**2 - 79*l + 10. Let t be k(10). Calculate the highest common divisor of t and 2176.
64
Let h be (-99)/4*4992/(-234). Calculate the highest common factor of h and 112.
16
Let v be 32 - (-336)/(-42)*(-1)/2. What is the greatest common divisor of 4518 and v?
18
Suppose 0 = 337*v - 345*v + 24. Suppose 0*p + 5*p = v*q + 119, -4*q + 76 = 4*p. What is the greatest common factor of p and 4?
2
Suppose -5*n = t + 734 - 3497, 5*t = -5*n + 13895. What is the greatest common factor of t and 23?
23
Suppose 1574 = 96*h - 648 